{"id":2678,"date":"2025-04-01T09:56:24","date_gmt":"2025-04-01T12:56:24","guid":{"rendered":"http:\/\/investigacion.une.edu.py\/inves\/?page_id=2678"},"modified":"2025-04-01T11:42:04","modified_gmt":"2025-04-01T14:42:04","slug":"externos-2","status":"publish","type":"page","link":"http:\/\/investigacion.une.edu.py\/?page_id=2678","title":{"rendered":"Externos"},"content":{"rendered":"\t\t<div data-elementor-type=\"wp-page\" data-elementor-id=\"2678\" class=\"elementor elementor-2678\" data-elementor-post-type=\"page\">\n\t\t\t\t<div class=\"elementor-element elementor-element-beba9ef e-flex e-con-boxed e-con e-parent\" data-id=\"beba9ef\" data-element_type=\"container\">\n\t\t\t\t\t<div class=\"e-con-inner\">\n\t\t<div class=\"elementor-element elementor-element-2052f98 e-con-full e-flex e-con e-child\" data-id=\"2052f98\" data-element_type=\"container\" data-settings=\"{&quot;background_background&quot;:&quot;classic&quot;}\">\n\t\t\t\t<div class=\"elementor-element elementor-element-17d6bae elementor-widget elementor-widget-heading\" data-id=\"17d6bae\" data-element_type=\"widget\" data-widget_type=\"heading.default\">\n\t\t\t\t<div class=\"elementor-widget-container\">\n\t\t\t\t\t<h1 class=\"elementor-heading-title elementor-size-default\">Eventos cient\u00edficos externos<\/h1>\t\t\t\t<\/div>\n\t\t\t\t<\/div>\n\t\t\t\t<\/div>\n\t\t\t\t\t<\/div>\n\t\t\t\t<\/div>\n\t\t<div class=\"elementor-element elementor-element-b87ea4a e-flex e-con-boxed e-con e-parent\" data-id=\"b87ea4a\" data-element_type=\"container\">\n\t\t\t\t\t<div class=\"e-con-inner\">\n\t\t\t\t<div class=\"elementor-element elementor-element-2942e22 elementor-widget elementor-widget-text-editor\" data-id=\"2942e22\" data-element_type=\"widget\" data-widget_type=\"text-editor.default\">\n\t\t\t\t<div class=\"elementor-widget-container\">\n\t\t\t\t\t\t\t\t\t<p style=\"text-align: center;\"><strong>A\u00f1o 2025<\/strong><\/p>\t\t\t\t\t\t\t\t<\/div>\n\t\t\t\t<\/div>\n\t\t\t\t\t<\/div>\n\t\t\t\t<\/div>\n\t\t<div class=\"elementor-element elementor-element-3a2576e e-flex e-con-boxed e-con e-parent\" data-id=\"3a2576e\" data-element_type=\"container\">\n\t\t\t\t\t<div class=\"e-con-inner\">\n\t\t<div class=\"elementor-element elementor-element-3a2732d e-con-full e-flex e-con e-child\" data-id=\"3a2732d\" data-element_type=\"container\">\n\t\t\t\t<div class=\"elementor-element elementor-element-623200d elementor-widget elementor-widget-image\" data-id=\"623200d\" data-element_type=\"widget\" data-widget_type=\"image.default\">\n\t\t\t\t<div class=\"elementor-widget-container\">\n\t\t\t\t\t\t\t\t\t\t\t\t\t\t\t<img decoding=\"async\" width=\"331\" height=\"138\" src=\"http:\/\/investigacion.une.edu.py\/wp-content\/uploads\/2025\/04\/isaca.png\" class=\"attachment-large size-large wp-image-2732\" alt=\"\" srcset=\"http:\/\/investigacion.une.edu.py\/wp-content\/uploads\/2025\/04\/isaca.png 331w, http:\/\/investigacion.une.edu.py\/wp-content\/uploads\/2025\/04\/isaca-300x125.png 300w\" sizes=\"(max-width: 331px) 100vw, 331px\" \/>\t\t\t\t\t\t\t\t\t\t\t\t\t\t\t<\/div>\n\t\t\t\t<\/div>\n\t\t\t\t<\/div>\n\t\t<div class=\"elementor-element elementor-element-94a11fe e-con-full e-flex e-con e-child\" data-id=\"94a11fe\" data-element_type=\"container\">\n\t\t\t\t<div class=\"elementor-element elementor-element-1434c5f elementor-widget elementor-widget-text-editor\" data-id=\"1434c5f\" data-element_type=\"widget\" data-widget_type=\"text-editor.default\">\n\t\t\t\t<div class=\"elementor-widget-container\">\n\t\t\t\t\t\t\t\t\t<p style=\"text-align: justify;\">La <b>\u00a0Conferencia Latinoamericana 2025 <\/b>es una conferencia organizada por <strong>ISACA<\/strong> que se enfoca en temas relacionados con la auditor\u00eda, el control, la seguridad, el riesgo y el gobierno de la tecnolog\u00eda de la informaci\u00f3n (TI) en Am\u00e9rica Latina.\u00a0<\/p><p style=\"text-align: center;\"><a href=\"https:\/\/isacabogota.org\/conferencia-latinoamericana-2025\/\">Enlace<\/a><\/p>\t\t\t\t\t\t\t\t<\/div>\n\t\t\t\t<\/div>\n\t\t\t\t<\/div>\n\t\t\t\t\t<\/div>\n\t\t\t\t<\/div>\n\t\t<div class=\"elementor-element elementor-element-fd13cd1 e-flex e-con-boxed e-con e-parent\" data-id=\"fd13cd1\" data-element_type=\"container\">\n\t\t\t\t\t<div class=\"e-con-inner\">\n\t\t<div class=\"elementor-element elementor-element-fe2a5f3 e-con-full e-flex e-con e-child\" data-id=\"fe2a5f3\" data-element_type=\"container\">\n\t\t\t\t<div class=\"elementor-element elementor-element-0594679 elementor-widget elementor-widget-image\" data-id=\"0594679\" data-element_type=\"widget\" data-widget_type=\"image.default\">\n\t\t\t\t<div class=\"elementor-widget-container\">\n\t\t\t\t\t\t\t\t\t\t\t\t\t\t\t<img decoding=\"async\" width=\"293\" height=\"157\" src=\"http:\/\/investigacion.une.edu.py\/wp-content\/uploads\/2025\/04\/latam.png\" class=\"attachment-large size-large wp-image-2722\" alt=\"\" \/>\t\t\t\t\t\t\t\t\t\t\t\t\t\t\t<\/div>\n\t\t\t\t<\/div>\n\t\t\t\t<\/div>\n\t\t<div class=\"elementor-element elementor-element-904e2d8 e-con-full e-flex e-con e-child\" data-id=\"904e2d8\" data-element_type=\"container\">\n\t\t\t\t<div class=\"elementor-element elementor-element-2c24736 elementor-widget elementor-widget-text-editor\" data-id=\"2c24736\" data-element_type=\"widget\" data-widget_type=\"text-editor.default\">\n\t\t\t\t<div class=\"elementor-widget-container\">\n\t\t\t\t\t\t\t\t\t<p style=\"text-align: justify;\">Con pol\u00edticas cambiantes, tendencias disruptivas y tensiones geopol\u00edticas como tel\u00f3n de fondo, los debates de la serie Inside LatAm 2025 conectar\u00e1n los puntos entre el panorama general y los factores espec\u00edficos en diferentes sectores que afectan a cada pa\u00eds en Am\u00e9rica Latina. Temas clave como las medidas comerciales proteccionistas, la amplificaci\u00f3n de los riesgos fiscales, los retos sociales, la inmigraci\u00f3n, los cambios institucionales y regulatorios, y el impacto del cambio clim\u00e1tico est\u00e1n en el centro de los mayores riesgos a los que se enfrentan la econom\u00eda global y los mercados de cr\u00e9dito, y ser\u00e1n centrales en nuestras conversaciones. No se pierda la oportunidad de adentrarse en estas complejas cuestiones y entender c\u00f3mo afectar\u00e1n a la regi\u00f3n.<\/p><p style=\"text-align: center;\"><a href=\"https:\/\/events.moodys.com\/es\/inside-latam-2025\">Enlace<\/a><\/p>\t\t\t\t\t\t\t\t<\/div>\n\t\t\t\t<\/div>\n\t\t\t\t<\/div>\n\t\t\t\t\t<\/div>\n\t\t\t\t<\/div>\n\t\t<div class=\"elementor-element elementor-element-fba2ca6 e-flex e-con-boxed e-con e-parent\" data-id=\"fba2ca6\" data-element_type=\"container\">\n\t\t\t\t\t<div class=\"e-con-inner\">\n\t\t<div class=\"elementor-element elementor-element-6a6fe12 e-con-full e-flex e-con e-child\" data-id=\"6a6fe12\" data-element_type=\"container\">\n\t\t\t\t<div class=\"elementor-element elementor-element-af3bddd elementor-widget elementor-widget-image\" data-id=\"af3bddd\" data-element_type=\"widget\" data-widget_type=\"image.default\">\n\t\t\t\t<div class=\"elementor-widget-container\">\n\t\t\t\t\t\t\t\t\t\t\t\t\t\t\t<img fetchpriority=\"high\" decoding=\"async\" width=\"803\" height=\"359\" src=\"http:\/\/investigacion.une.edu.py\/wp-content\/uploads\/2025\/04\/clei-1.png\" class=\"attachment-large size-large wp-image-2716\" alt=\"\" srcset=\"http:\/\/investigacion.une.edu.py\/wp-content\/uploads\/2025\/04\/clei-1.png 803w, http:\/\/investigacion.une.edu.py\/wp-content\/uploads\/2025\/04\/clei-1-300x134.png 300w, http:\/\/investigacion.une.edu.py\/wp-content\/uploads\/2025\/04\/clei-1-768x343.png 768w\" sizes=\"(max-width: 803px) 100vw, 803px\" \/>\t\t\t\t\t\t\t\t\t\t\t\t\t\t\t<\/div>\n\t\t\t\t<\/div>\n\t\t\t\t<\/div>\n\t\t<div class=\"elementor-element elementor-element-46290b5 e-con-full e-flex e-con e-child\" data-id=\"46290b5\" data-element_type=\"container\">\n\t\t\t\t<div class=\"elementor-element elementor-element-cbff1fd elementor-widget elementor-widget-text-editor\" data-id=\"cbff1fd\" data-element_type=\"widget\" data-widget_type=\"text-editor.default\">\n\t\t\t\t<div class=\"elementor-widget-container\">\n\t\t\t\t\t\t\t\t\t<p style=\"text-align: justify;\"><strong> La Conferencia Latinoamericana de Inform\u00e1tica (<a href=\"https:\/\/conferencia2025.clei.org\/\" target=\"_blank\" rel=\"noreferrer noopener\">CLEI 2025<\/a>)<\/strong> invita a la comunidad acad\u00e9mica y profesional a presentar trabajos originales que reporten resultados te\u00f3ricos y\/o pr\u00e1cticos que avancen el estado del arte en Ciencias de la Computaci\u00f3n e Inform\u00e1tica, o que presenten aplicaciones relevantes para la industria y la sociedad. CLEI 2025 tendr\u00e1 lugar en Valpara\u00edso, Chile, del <strong>27 de Octubre al 1 de Noviembre de 2025<\/strong>. Adem\u00e1s, se realizar\u00e1 conjuntamente con las Jornadas Chilenas de Computaci\u00f3n (JCC2025) y IEEE ChileCon 2025.<\/p><h5 class=\"wp-block-heading\"><strong>Fechas Importantes:<\/strong><\/h5><ul class=\"wp-block-list\"><li class=\"\">Fecha l\u00edmite para env\u00edo de trabajos: <strong>18 de mayo de 2025<\/strong><\/li><li class=\"\">Notificaci\u00f3n de aceptaci\u00f3n: <strong>6 de julio de 2025<\/strong><\/li><li class=\"\">Env\u00edo de versi\u00f3n final (camera-ready): <strong>10 de agosto de 2025<\/strong><\/li><\/ul><p style=\"text-align: center;\"><a href=\"https:\/\/clei.org\/2025\/02\/10\/llamado-a-trabajos-clei-2025\/\">Enlace<\/a><\/p>\t\t\t\t\t\t\t\t<\/div>\n\t\t\t\t<\/div>\n\t\t\t\t<\/div>\n\t\t\t\t\t<\/div>\n\t\t\t\t<\/div>\n\t\t<div class=\"elementor-element elementor-element-51505d1 e-flex e-con-boxed e-con e-parent\" data-id=\"51505d1\" data-element_type=\"container\">\n\t\t\t\t\t<div class=\"e-con-inner\">\n\t\t\t\t<div class=\"elementor-element elementor-element-68a6cf7 elementor-widget elementor-widget-text-editor\" data-id=\"68a6cf7\" data-element_type=\"widget\" data-widget_type=\"text-editor.default\">\n\t\t\t\t<div class=\"elementor-widget-container\">\n\t\t\t\t\t\t\t\t\t<p style=\"text-align: center;\"><strong>A\u00f1o 2024<\/strong><\/p>\t\t\t\t\t\t\t\t<\/div>\n\t\t\t\t<\/div>\n\t\t\t\t\t<\/div>\n\t\t\t\t<\/div>\n\t\t<div class=\"elementor-element elementor-element-96c28e7 e-flex e-con-boxed e-con e-parent\" data-id=\"96c28e7\" data-element_type=\"container\">\n\t\t\t\t\t<div class=\"e-con-inner\">\n\t\t<div class=\"elementor-element elementor-element-7dda034 e-con-full e-flex e-con e-child\" data-id=\"7dda034\" data-element_type=\"container\">\n\t\t\t\t<div class=\"elementor-element elementor-element-6b6fea4 elementor-widget__width-initial elementor-widget elementor-widget-image\" data-id=\"6b6fea4\" data-element_type=\"widget\" data-widget_type=\"image.default\">\n\t\t\t\t<div class=\"elementor-widget-container\">\n\t\t\t\t\t\t\t\t\t\t\t\t\t\t\t<img loading=\"lazy\" decoding=\"async\" width=\"350\" height=\"293\" src=\"http:\/\/investigacion.une.edu.py\/wp-content\/uploads\/2025\/04\/jji24-fill-350x293-1.jpg\" class=\"attachment-large size-large wp-image-2692\" alt=\"\" srcset=\"http:\/\/investigacion.une.edu.py\/wp-content\/uploads\/2025\/04\/jji24-fill-350x293-1.jpg 350w, http:\/\/investigacion.une.edu.py\/wp-content\/uploads\/2025\/04\/jji24-fill-350x293-1-300x251.jpg 300w\" sizes=\"(max-width: 350px) 100vw, 350px\" \/>\t\t\t\t\t\t\t\t\t\t\t\t\t\t\t<\/div>\n\t\t\t\t<\/div>\n\t\t\t\t<\/div>\n\t\t<div class=\"elementor-element elementor-element-acf3c8d e-con-full e-flex e-con e-child\" data-id=\"acf3c8d\" data-element_type=\"container\">\n\t\t\t\t<div class=\"elementor-element elementor-element-bd48fac elementor-widget elementor-widget-text-editor\" data-id=\"bd48fac\" data-element_type=\"widget\" data-widget_type=\"text-editor.default\">\n\t\t\t\t<div class=\"elementor-widget-container\">\n\t\t\t\t\t\t\t\t\t<div class=\"x11i5rnm xat24cr x1mh8g0r x1vvkbs xtlvy1s x126k92a\"><div dir=\"auto\" style=\"text-align: justify;\">La Direcci\u00f3n General de Investigaci\u00f3n de la Universidad Nacional del Este (DGIN-UNE) informa que el plazo de inscripci\u00f3n para las Jornadas de J\u00f3venes Investigadores de la UNE (JJI-UNE), XII Edici\u00f3n, es hasta el 20 de junio.<\/div><div dir=\"auto\" style=\"text-align: justify;\">Las JJI-UNE es dirigida a estudiantes de la UNE de hasta 35 a\u00f1os que cuenten con el resultado de una investigaci\u00f3n.<\/div><p style=\"text-align: justify;\">El primer paso es enviar el resultado de una investigaci\u00f3n en formato digital a la Direcci\u00f3n de Investigaci\u00f3n de la unidad acad\u00e9mica, cumpliendo con los requisitos establecidos en la convocatoria, como fecha l\u00edmite de entrega y formato del documento. Un comit\u00e9 de expertos evaluar\u00e1 el trabajo de forma escrita. Se considerar\u00e1 la calidad de la investigaci\u00f3n, la originalidad del planteamiento, la metodolog\u00eda utilizada, los resultados obtenidos y la claridad de la exposici\u00f3n.<\/p><\/div><div class=\"x11i5rnm xat24cr x1mh8g0r x1vvkbs xtlvy1s x126k92a\"><div dir=\"auto\" style=\"text-align: justify;\">En base a la evaluaci\u00f3n previa, la Direcci\u00f3n de Investigaci\u00f3n de la unidad acad\u00e9mica seleccionar\u00e1 los mejores trabajos. Los investigadores seleccionados ser\u00e1n notificados para pasar a la siguiente fase.<\/div><\/div><div class=\"x11i5rnm xat24cr x1mh8g0r x1vvkbs xtlvy1s x126k92a\"><div>\u00a0<\/div><div dir=\"auto\" style=\"text-align: justify;\">Los seleccionados deber\u00e1n realizar una presentaci\u00f3n oral de su trabajo ante una mesa examinadora compuesta por expertos en el \u00e1rea. Durante la exposici\u00f3n, deber\u00e1n defender la investigaci\u00f3n y responder a las preguntas del jurado.<\/div><\/div><div class=\"x11i5rnm xat24cr x1mh8g0r x1vvkbs xtlvy1s x126k92a\"><div>\u00a0<\/div><div dir=\"auto\" style=\"text-align: justify;\">Los investigadores destacados tendr\u00e1n la oportunidad de participar en la Jornada de J\u00f3venes Investigadores de la Asociaci\u00f3n de Universidades Grupo Montevideo AUGM, a realizarse en Uruguay los d\u00edas 6, 7 y 8 de noviembre del presente a\u00f1o.<\/div><div>\u00a0<\/div><\/div><div class=\"x11i5rnm xat24cr x1mh8g0r x1vvkbs xtlvy1s x126k92a\"><div dir=\"auto\" style=\"text-align: justify;\">Para m\u00e1s informaciones y sobre el proceso de inscripci\u00f3n, contactar con la Direcci\u00f3n de Investigaci\u00f3n de las unidades acad\u00e9micas.<\/div><\/div>\t\t\t\t\t\t\t\t<\/div>\n\t\t\t\t<\/div>\n\t\t\t\t<\/div>\n\t\t\t\t\t<\/div>\n\t\t\t\t<\/div>\n\t\t\t\t<\/div>\n\t\t","protected":false},"excerpt":{"rendered":"<p>Eventos cient\u00edficos externos A\u00f1o 2025 La \u00a0Conferencia Latinoamericana 2025 es una conferencia organizada por ISACA que se enfoca en temas relacionados con la auditor\u00eda, el control, la seguridad, el riesgo y el gobierno de la tecnolog\u00eda de la informaci\u00f3n (TI) en Am\u00e9rica Latina.\u00a0 Enlace Con pol\u00edticas cambiantes, tendencias disruptivas y tensiones geopol\u00edticas como tel\u00f3n de [&hellip;]<\/p>\n","protected":false},"author":1,"featured_media":0,"parent":0,"menu_order":0,"comment_status":"closed","ping_status":"closed","template":"","meta":{"site-sidebar-layout":"no-sidebar","site-content-layout":"page-builder","ast-site-content-layout":"full-width-container","site-content-style":"default","site-sidebar-style":"default","ast-global-header-display":"","ast-banner-title-visibility":"","ast-main-header-display":"","ast-hfb-above-header-display":"","ast-hfb-below-header-display":"","ast-hfb-mobile-header-display":"","site-post-title":"disabled","ast-breadcrumbs-content":"","ast-featured-img":"disabled","footer-sml-layout":"","theme-transparent-header-meta":"","adv-header-id-meta":"","stick-header-meta":"","header-above-stick-meta":"","header-main-stick-meta":"","header-below-stick-meta":"","astra-migrate-meta-layouts":"default","ast-page-background-enabled":"default","ast-page-background-meta":{"desktop":{"background-color":"var(--ast-global-color-4)","background-image":"","background-repeat":"repeat","background-position":"center center","background-size":"auto","background-attachment":"scroll","background-type":"","background-media":"","overlay-type":"","overlay-color":"","overlay-opacity":"","overlay-gradient":""},"tablet":{"background-color":"","background-image":"","background-repeat":"repeat","background-position":"center center","background-size":"auto","background-attachment":"scroll","background-type":"","background-media":"","overlay-type":"","overlay-color":"","overlay-opacity":"","overlay-gradient":""},"mobile":{"background-color":"","background-image":"","background-repeat":"repeat","background-position":"center center","background-size":"auto","background-attachment":"scroll","background-type":"","background-media":"","overlay-type":"","overlay-color":"","overlay-opacity":"","overlay-gradient":""}},"ast-content-background-meta":{"desktop":{"background-color":"var(--ast-global-color-5)","background-image":"","background-repeat":"repeat","background-position":"center center","background-size":"auto","background-attachment":"scroll","background-type":"","background-media":"","overlay-type":"","overlay-color":"","overlay-opacity":"","overlay-gradient":""},"tablet":{"background-color":"var(--ast-global-color-5)","background-image":"","background-repeat":"repeat","background-position":"center center","background-size":"auto","background-attachment":"scroll","background-type":"","background-media":"","overlay-type":"","overlay-color":"","overlay-opacity":"","overlay-gradient":""},"mobile":{"background-color":"var(--ast-global-color-5)","background-image":"","background-repeat":"repeat","background-position":"center center","background-size":"auto","background-attachment":"scroll","background-type":"","background-media":"","overlay-type":"","overlay-color":"","overlay-opacity":"","overlay-gradient":""}},"footnotes":""},"class_list":["post-2678","page","type-page","status-publish","hentry"],"_links":{"self":[{"href":"http:\/\/investigacion.une.edu.py\/index.php?rest_route=\/wp\/v2\/pages\/2678","targetHints":{"allow":["GET"]}}],"collection":[{"href":"http:\/\/investigacion.une.edu.py\/index.php?rest_route=\/wp\/v2\/pages"}],"about":[{"href":"http:\/\/investigacion.une.edu.py\/index.php?rest_route=\/wp\/v2\/types\/page"}],"author":[{"embeddable":true,"href":"http:\/\/investigacion.une.edu.py\/index.php?rest_route=\/wp\/v2\/users\/1"}],"replies":[{"embeddable":true,"href":"http:\/\/investigacion.une.edu.py\/index.php?rest_route=%2Fwp%2Fv2%2Fcomments&post=2678"}],"version-history":[{"count":34,"href":"http:\/\/investigacion.une.edu.py\/index.php?rest_route=\/wp\/v2\/pages\/2678\/revisions"}],"predecessor-version":[{"id":2736,"href":"http:\/\/investigacion.une.edu.py\/index.php?rest_route=\/wp\/v2\/pages\/2678\/revisions\/2736"}],"wp:attachment":[{"href":"http:\/\/investigacion.une.edu.py\/index.php?rest_route=%2Fwp%2Fv2%2Fmedia&parent=2678"}],"curies":[{"name":"wp","href":"https:\/\/api.w.org\/{rel}","templated":true}]}}